{"id":59,"date":"2023-01-13T13:15:44","date_gmt":"2023-01-13T12:15:44","guid":{"rendered":"http:\/\/www.velocitysystem.es\/?page_id=59"},"modified":"2026-01-27T11:25:23","modified_gmt":"2026-01-27T10:25:23","slug":"inicio","status":"publish","type":"page","link":"https:\/\/www.velocitysystem.es\/","title":{"rendered":""},"content":{"rendered":"\n<p class=\"has-text-align-center has-text-color has-link-color has-large-font-size wp-elements-9ffa83405ec8e7c134a4a9f105496089\" style=\"color:#275dad\"><strong>\u00a1Bienvenidos a Velocity System!<\/strong><\/p>\n\n\n\n<p class=\"has-text-align-center has-text-color has-link-color has-medium-font-size wp-elements-ff62da22e06892933ea9386a0f78d187\" style=\"color:#285ea9\">Nos complace darles la bienvenida a nuestra empresa, l\u00edder en el sector inform\u00e1tico con 25 a\u00f1os de experiencia en Sabadell. Nos especializamos en la reparaci\u00f3n de ordenadores y port\u00e1tiles, ofreciendo un servicio r\u00e1pido y eficaz para que su tecnolog\u00eda vuelva a funcionar como nueva.<\/p>\n\n\n\n<p class=\"has-text-align-center has-text-color has-link-color has-medium-font-size wp-elements-70818f2958eac39ce94e8a818891216b\" style=\"color:#285ea9\">Adem\u00e1s, brindamos mantenimiento inform\u00e1tico integral a empresas, asegurando que sus sistemas operativos se mantengan en \u00f3ptimas condiciones y minimizando cualquier posible interrupci\u00f3n en su actividad diaria. Tambi\u00e9n contamos con un servicio de urgencias a domicilio, para que no tenga que preocuparse por trasladar su equipo, nosotros vamos hasta usted.<\/p>\n\n\n\n<p class=\"has-text-align-center has-text-color has-link-color has-medium-font-size wp-elements-a3efcd9278c94a1ded891ec7cdf2d49e\" style=\"color:#285ea9\">En<strong> Velocity System,<\/strong> nuestra prioridad es ofrecer soluciones personalizadas y un servicio al cliente excepcional. Estamos aqu\u00ed para ayudarle a optimizar su tecnolog\u00eda y garantizar su satisfacci\u00f3n.<\/p>\n\n\n\n<p>\u00a1Gracias por confiar en nosotros! Estamos listos para atender todas sus necesidades inform\u00e1ticas.<\/p>\n","protected":false},"excerpt":{"rendered":"<p>\u00a1Bienvenidos a Velocity System! Nos complace darles la bienvenida a nuestra empresa, l\u00edder en el sector inform\u00e1tico con 25 a\u00f1os de experiencia en Sabadell. Nos especializamos en la reparaci\u00f3n de ordenadores y port\u00e1tiles, ofreciendo un servicio r\u00e1pido y eficaz para que su tecnolog\u00eda vuelva a funcionar como nueva. Adem\u00e1s, brindamos mantenimiento inform\u00e1tico integral a empresas, [&hellip;]<\/p>\n","protected":false},"author":1,"featured_media":0,"parent":0,"menu_order":0,"comment_status":"closed","ping_status":"closed","template":"","meta":{"footnotes":""},"class_list":["post-59","page","type-page","status-publish","hentry"],"_links":{"self":[{"href":"https:\/\/www.velocitysystem.es\/index.php\/wp-json\/wp\/v2\/pages\/59","targetHints":{"allow":["GET"]}}],"collection":[{"href":"https:\/\/www.velocitysystem.es\/index.php\/wp-json\/wp\/v2\/pages"}],"about":[{"href":"https:\/\/www.velocitysystem.es\/index.php\/wp-json\/wp\/v2\/types\/page"}],"author":[{"embeddable":true,"href":"https:\/\/www.velocitysystem.es\/index.php\/wp-json\/wp\/v2\/users\/1"}],"replies":[{"embeddable":true,"href":"https:\/\/www.velocitysystem.es\/index.php\/wp-json\/wp\/v2\/comments?post=59"}],"version-history":[{"count":5,"href":"https:\/\/www.velocitysystem.es\/index.php\/wp-json\/wp\/v2\/pages\/59\/revisions"}],"predecessor-version":[{"id":151,"href":"https:\/\/www.velocitysystem.es\/index.php\/wp-json\/wp\/v2\/pages\/59\/revisions\/151"}],"wp:attachment":[{"href":"https:\/\/www.velocitysystem.es\/index.php\/wp-json\/wp\/v2\/media?parent=59"}],"curies":[{"name":"wp","href":"https:\/\/api.w.org\/{rel}","templated":true}]}}