{"id":68,"date":"2023-01-23T12:40:24","date_gmt":"2023-01-23T11:40:24","guid":{"rendered":"http:\/\/www.velocitysystem.es\/?page_id=68"},"modified":"2023-01-23T12:40:24","modified_gmt":"2023-01-23T11:40:24","slug":"seguidad-informatica","status":"publish","type":"page","link":"https:\/\/www.velocitysystem.es\/index.php\/seguidad-informatica\/","title":{"rendered":"Seguidad inform\u00e0tica"},"content":{"rendered":"\n<figure class=\"wp-block-image size-full\"><img loading=\"lazy\" decoding=\"async\" width=\"600\" height=\"344\" src=\"http:\/\/www.velocitysystem.es\/wp-content\/uploads\/2023\/01\/Seguridad-Informatica.jpg\" alt=\"\" class=\"wp-image-69\" srcset=\"https:\/\/www.velocitysystem.es\/wp-content\/uploads\/2023\/01\/Seguridad-Informatica.jpg 600w, https:\/\/www.velocitysystem.es\/wp-content\/uploads\/2023\/01\/Seguridad-Informatica-300x172.jpg 300w\" sizes=\"auto, (max-width: 600px) 100vw, 600px\" \/><\/figure>\n\n\n\n<p>Velocity System protege la infraestructura y la informaci\u00f3n de su empresa o negocio. Para ello existen una serie de est\u00e1ndares, protocolos y herramientas pensadas para minimizar los posibles riesgos a la infraestructura o a la informaci\u00f3n. Protegemos tanto el software (bases de datos, archivos \u2026) como el hardware y todo lo que la empresa valore.<br>Contacte con nosotros, nos desplazaremos a su empresa o puede visitarnos en nuestro local. Le asesoramos cu\u00e1l ser\u00e1 la mejor soluci\u00f3n tanto para su negocio como personal.<\/p>\n","protected":false},"excerpt":{"rendered":"<p>Velocity System protege la infraestructura y la informaci\u00f3n de su empresa o negocio. Para ello existen una serie de est\u00e1ndares, protocolos y herramientas pensadas para minimizar los posibles riesgos a la infraestructura o a la informaci\u00f3n. Protegemos tanto el software (bases de datos, archivos \u2026) como el hardware y todo lo que la empresa valore.Contacte [&hellip;]<\/p>\n","protected":false},"author":1,"featured_media":0,"parent":0,"menu_order":0,"comment_status":"closed","ping_status":"closed","template":"","meta":{"footnotes":""},"class_list":["post-68","page","type-page","status-publish","hentry"],"_links":{"self":[{"href":"https:\/\/www.velocitysystem.es\/index.php\/wp-json\/wp\/v2\/pages\/68","targetHints":{"allow":["GET"]}}],"collection":[{"href":"https:\/\/www.velocitysystem.es\/index.php\/wp-json\/wp\/v2\/pages"}],"about":[{"href":"https:\/\/www.velocitysystem.es\/index.php\/wp-json\/wp\/v2\/types\/page"}],"author":[{"embeddable":true,"href":"https:\/\/www.velocitysystem.es\/index.php\/wp-json\/wp\/v2\/users\/1"}],"replies":[{"embeddable":true,"href":"https:\/\/www.velocitysystem.es\/index.php\/wp-json\/wp\/v2\/comments?post=68"}],"version-history":[{"count":1,"href":"https:\/\/www.velocitysystem.es\/index.php\/wp-json\/wp\/v2\/pages\/68\/revisions"}],"predecessor-version":[{"id":70,"href":"https:\/\/www.velocitysystem.es\/index.php\/wp-json\/wp\/v2\/pages\/68\/revisions\/70"}],"wp:attachment":[{"href":"https:\/\/www.velocitysystem.es\/index.php\/wp-json\/wp\/v2\/media?parent=68"}],"curies":[{"name":"wp","href":"https:\/\/api.w.org\/{rel}","templated":true}]}}